 + 4*q + 27 = -f. What is the units digit of f?
1
Suppose -z + 82 = -4*a, z + 2*z - 2*a = 196. Suppose 5*x - 3 = z. Let p = x + -2. What is the tens digit of p?
1
Let c = -27 + 5. Let i be c/33 + (-8)/6. What is the units digit of (-3)/6 - 17/i?
8
Let m(y) = -12*y**3 - y**2 - 2*y - 1. Let f be m(-1). Suppose 3*o = -2*n + 15 + f, 3*n = -2*o + 38. What is the units digit of n?
2
Suppose 3*j - 21 = -6. Suppose 0*y - 25 = -j*y. Suppose -3*v + 40 = y*b, -3*v + b + 28 = -0*b. What is the tens digit of v?
1
Suppose -2*w = -4*b + 6 + 6, 2*w - 2*b = -6. Suppose -7 = x - 9. Suppose w = -l - x*l + 6. What is the units digit of l?
2
What is the units digit of 3676/28 + (-2)/7?
1
Let d(s) = -s + 5. Let a be d(3). Suppose -5*b + z + 17 = 0, -3*b - 2*z + 16 + a = 0. Suppose o - b = -1. What is the units digit of o?
3
What is the hundreds digit of 5032/36 + -5 - 4/(-18)?
1
Suppose -4*g + f = -11, 3*g = -2*f + 9 + 2. What is the units digit of (-2)/g - (-70)/15?
4
Suppose -f - 10 + 3 = 0. Let l = 30 - f. What is the tens digit of l?
3
Let k be 56/(-12) - 2/(-3). What is the tens digit of k/2 - -2 - -16?
1
Let u(j) = 2*j + 4. Let i be u(7). Suppose -3*f = -i - 12. What is the tens digit of f?
1
Let w = 10 + -21. Let o = 3 - w. What is the units digit of o?
4
Suppose -44 = -4*l + 44. Suppose 0 = -2*k - 4 + l. What is the units digit of k?
9
Let r(l) = 21*l**3 - l. What is the units digit of r(1)?
0
Suppose -3*i - 3 + 9 = 0. Suppose 6 - 28 = -i*k. What is the tens digit of k?
1
Let j(f) be the third derivative of f**4/4 - f**3/6 - 4*f**2. What is the units digit of j(3)?
7
Suppose 736 = 5*b - 3*k, 257 + 317 = 4*b + 5*k. What is the units digit of b?
6
Let q(n) = -n + 10. Suppose 0*j = j. What is the tens digit of q(j)?
1
Suppose -5*k + 134 + 24 = 2*a, 0 = -2*k - 2*a + 68. What is the tens digit of k?
3
Let r be (0 + -2)/1 + 6. Let o = 8 + -3. Suppose -6 = i - r*l, -2*i + 60 = 2*i + o*l. What is the units digit of i?
0
Let g(j) = 7*j**2 - 1. Suppose -2*h + 5 - 3 = 0, 2*y = -h + 5. Suppose y*t + 6 = 5*s + 1, 5*t + 27 = -2*s. What is the units digit of g(s)?
6
Suppose 3*p = 5*p. Suppose 0*i + 2*u + 4 = -2*i, p = -2*i + u - 13. Let n = -4 - i. What is the units digit of n?
1
Let s be 23/7 - (-10)/(-35). Suppose 0 = -2*w + 3*b - 8, 16 = 2*w + s*b. Suppose -5 - 9 = -w*j. What is the units digit of j?
7
Suppose 0 = r + 3*r - 280. Suppose 0*l + r = 5*l. What is the units digit of l?
4
Let x = 6 - 6. Suppose -20 = -x*p - 2*p. What is the tens digit of p?
1
Let a(c) = -6*c + 1. Let k(x) = -x**3 + 4*x**2 + 2*x - 5. Let s be k(4). Suppose 5 = -2*b + s. What is the units digit of a(b)?
7
Suppose 2*d + 4*b - 8 = 3*b, 40 = 4*d - 4*b. Let a = -11 - -7. What is the tens digit of 22/((-3)/d*a)?
1
Let z be 22*1 - (-3 + 1). Suppose -z = -4*t + 48. What is the tens digit of t?
1
Let h = -3 - -10. Let s = 4 + h. What is the tens digit of s?
1
Let h = -3 - -5. Suppose h*k - 76 = -2*k. Suppose 2*a - 5*m - 13 = k, 2*a = -m + 8. What is the units digit of a?
6
Let t(u) = u**2 + 2*u + 8. What is the tens digit of t(7)?
7
Let y(g) = -g**3 + 6*g**2 - 5*g + 7. Let z be y(5). Let p be (-2)/9 - 58/(-18). Let a = z - p. What is the units digit of a?
4
Suppose 10 - 170 = -5*a. What is the tens digit of a?
3
Let u(p) = -p**3 + 5*p**2 - 5*p + 2. Let n(t) = t**2 - 2*t - 1. Let v be n(3). Suppose 2 = v*b - 4. What is the units digit of u(b)?
5
Let c = 8 - 15. Let d(q) = q**3 - 3*q**2 + 4*q - 2. Let n be d(3). Let a = n - c. What is the units digit of a?
7
Let s be (-1*2)/1 - 13. Let w = -8 - s. What is the units digit of 2 + w + (3 - 5)?
7
Let j(c) be the first derivative of 2*c**3/3 + c**2/2 - 2*c - 1. Let l(s) be the first derivative of j(s). What is the units digit of l(2)?
9
Suppose -u = -186 + 98. What is the tens digit of u?
8
Let i = 8 - 17. Let q be i/(-3)*8/6. Suppose 3*a - q*a = -9. What is the units digit of a?
9
Let s = 1 + 0. Let z = 21 - 31. What is the tens digit of 1 - 1 - z/s?
1
Let o(f) = -f**2 + 7*f + 3. Suppose 0 = 4*j + 3*t - 5 - 34, -2*t + 34 = 4*j. What is the units digit of o(j)?
9
Let b(g) = 11*g**2 - g + 9. What is the tens digit of b(3)?
0
Suppose 0 = 3*m - 2*m - 6. What is the units digit of (-406)/(-21) - (-4)/m?
0
What is the tens digit of 9 - (-3 + (-1 - -2))?
1
Let t(u) be the third derivative of -u**6/120 + 2*u**5/15 + u**4/24 + u**3/6 + u**2. Let q be -3*2/21 + 58/7. What is the units digit of t(q)?
9
Let f be -8*-2*(-4)/(-16). Suppose 0*q + 5*q + f*c = 93, 33 = q - 4*c. What is the tens digit of q?
2
Let n(j) = j**2 + 5*j + 4. Let c be n(-5). Let x be 99/36 + (-1)/(-4). Suppose -3*u - 90 = -c*i, 10 = -x*u + 4. What is the units digit of i?
1
Suppose 2*p = 4*p - 50. What is the units digit of p?
5
Suppose -3*y - 121 = -5*d, -4*y - 4*d + 68 - 176 = 0. Let j = y + 58. Suppose j = o - b + 2, 2*o + 4*b - 30 = 0. What is the tens digit of o?
2
Suppose 2*w - 14 = 3*w - q, q - 24 = 2*w. What is the units digit of w/2*(-6 - -5)?
5
Let b(t) = -t - 3. Let c be b(-5). Suppose 0 = a + c*o + 1, 0 = -3*o + 3 - 6. What is the units digit of a?
1
Suppose 2*i - 56 = 3*c, -4*i + c + 92 = -0*c. Suppose k - 1 = 3*b + 11, -2*k = -5*b - i. Let f = 13 - k. What is the units digit of f?
7
Let i = -25 + 53. Let s = i + 5. Suppose -3*l = -s - 3. What is the units digit of l?
2
Suppose 0 = 4*x - 77 - 155. What is the tens digit of x?
5
Let f = -29 + 50. What is the tens digit of f?
2
Let i = 17 - 14. Suppose i*u - 13 = -4. What is the units digit of u?
3
Suppose -b - 84 = -3*b. Let u = b - 30. What is the units digit of u?
2
Let q be (-4)/3*(4 + -1). Let h = q - -11. What is the units digit of h?
7
Suppose -i - 5*s = -3*i + 26, 4*i - 72 = 5*s. What is the units digit of i?
3
Let s be (-73)/3 + (-2)/(-6). Let c = s - -36. What is the units digit of c?
2
Let r(h) = 3*h**2 - 25*h - 28. What is the hundreds digit of r(12)?
1
Let y(b) = b**3 - b**2 - 5*b + 8. Let r(k) = -k**3 + 4*k - 9. Let z(q) = 2*r(q) + 3*y(q). What is the units digit of z(5)?
1
Suppose y + 73 = 2*c, 3*c + 2*y - 122 = y. What is the units digit of c?
9
What is the hundreds digit of -2 - 2 - (-126 + -2)?
1
Suppose 0 = l + 7 - 75. What is the units digit of l?
8
What is the units digit of (-26 - -29)*374/6?
7
Let r be 4/(-22) - 6/(-33). Suppose -5*w + 2*h - 3*h + 33 = 0, 2*w - 3*h - 3 = r. Suppose f + w = 3*f. What is the units digit of f?
3
Suppose 4*f + 5*j - 56 - 26 = 0, -5*f + j = -88. What is the tens digit of f?
1
Suppose -6 = -3*m + 60. What is the tens digit of m?
2
Let y(z) = z**3 - 3*z**2 - 3*z. What is the tens digit of y(5)?
3
Let q be ((-9)/(-2))/(-3)*-14. Let m = q - -18. What is the tens digit of m?
3
Let v(o) = o**3 - 15. Let p be v(0). Let l = 34 + p. What is the tens digit of l?
1
Suppose 4*n - 12 = n. Suppose -4*q + 27 = j, -n*q - 5*j = q - 30. What is the units digit of q?
7
Let a(w) = w**3 + 5*w**2 + 6*w + 6. Let d = -13 + 9. Let y be a(d). What is the units digit of (-3)/(3/1)*y?
2
Suppose 6*l + 46 = 8*l. What is the units digit of l?
3
Let w be -2 - ((-42)/(-3))/(-1). What is the units digit of w/2*6/2?
8
Suppose -3*b - b - 16 = 0. Let j be 30/b - (-3)/6. Let k = j + 15. What is the units digit of k?
8
Let k(n) = -4*n - 2. Let u be k(-2). Let a = -8 + u. Let x = a + 3. What is the units digit of x?
1
Let b = 165 - 76. What is the units digit of b?
9
Let w = 301 - 181. Suppose -4*u - w = -3*y, 83 = 5*y + 5*u - 117. Suppose -2*l - 3*l + y = 0. What is the units digit of l?
8
Let y be ((-6)/(-4))/(3/4). Let m be 6/(-12) - (-13)/y. Suppose q = -q + m. What is the units digit of q?
3
Let o(w) = w**2 - 9*w + 10. What is the units digit of o(9)?
0
Let o(y) = -2*y**2 + 7*y - 9. Let j be o(7). What is the units digit of j/(-5) + (-14)/(-35)?
2
Let h(b) = -b**3 + 7*b**2 + 2*b + 9. Let j(s) = 2*s**2 - 5*s - 5. Let x be j(4). What is the units digit of h(x)?
3
Suppose g + 4*u - 10 - 7 = 0, -30 = -4*g + 3*u. Let h(o) = -o + 25. What is the tens digit of h(g)?
1
Suppose -3*b - 9 - 1 = -2*o, o - b = 5. Suppose 0 = -o*c + z - 2*z + 38, 2*c - z - 11 = 0. What is the units digit of c?
7
Suppose -5*a + 2*y = 6*y - 237, 0 = -2*a + 3*y + 104. What is the tens digit of a?
4
Suppose 2*i + 7 = -2*c - 1, -2*i - 4 = c. Suppose 12 = -i*d + 2*d. What is the units digit of 1*(3 + d/(-3))?
1
Let h(n) = -n**2 + 10*n + 2. What is the 